r?
True
Suppose g + 4 = 0, -5*i - 3*g = -2*g - 866. Suppose 0*s - 3*s = -i. Is s a prime number?
False
Let a be 2/(2 + -6)*422. Let v = 399 + a. Suppose -o = 4*x - 222, 3*x + 2*o - v = -19. Is x a composite number?
True
Let h(k) = -83*k + 5. Let g be 10/30 - 13/3. Is h(g) prime?
True
Is 4 + (591 - (-3 - 1)) a composite number?
False
Let s(x) = 483*x + 4. Is s(1) composite?
False
Suppose 3*h = z - 11, 4*z - 26 = 5*h - 3. Suppose -z*a = a - 555. Is a a prime number?
False
Let m(j) = 8 + 3*j**2 + 0 - 4 - 2*j + 0*j. Is m(-3) a composite number?
False
Suppose -77 = -2*x - 5*g, 0 = -4*g - g + 15. Is x a composite number?
False
Let a(c) = -c**3 - 5*c**2 - 2*c - 3. Let l be a(-5). Let f(i) be the first derivative of i**3/3 - 6*i - 2. Is f(l) prime?
True
Let c(b) = -64*b - 2. Let a be c(2). Let l be ((-209)/(-2))/((-2)/(-4)). Let s = a + l. Is s a composite number?
False
Let a = 209 + -653. Let d = -209 - a. Is d composite?
True
Let m = 646 + -257. Is m a prime number?
True
Suppose 0 = 3*l + 3*q - 51, l = -l + q + 40. Let n = 0 + -6. Let c = n + l. Is c a composite number?
False
Let z = 1 + -1. Suppose -n + 243 - 26 = z. Is n prime?
False
Let b(d) be the second derivative of -32*d**3/3 - 5*d**2/2 - 4*d. Is b(-10) a composite number?
True
Let c(l) = 4*l**3 - 2*l**2 - 2*l + 9. Is c(8) prime?
True
Suppose 181 + 289 = j. Is -3 + (j - 0/1) prime?
True
Let h(x) be the first derivative of -12*x**2 - 5*x - 3. Is h(-5) composite?
True
Suppose 3*f = 0, o - 3*f = 2*o - 167. Is o a composite number?
False
Suppose 3*p - 4*n = -0*n + 235, -5*n - 82 = -p. Let u = p - 43. Suppose 3*w - u = -2*r, -2*r + w = -0*w - 50. Is r a prime number?
True
Suppose 663 = 4*l + 3*j - 4576, j = 1. Suppose 0 = 4*s + 4*f - 1792, -6*s + 3*s = -4*f - l. Is s a composite number?
False
Let w(u) = -u**3 - 2*u**2 + 5*u + 2. Let c be ((-3)/(-2))/(24/(-64)). Is w(c) prime?
False
Suppose 6*b = 2*b + 4*g + 15400, 3*b = -4*g + 11543. Is b a prime number?
False
Let m(b) = b**2 + 2*b + 2. Let n be m(-3). Suppose 3*i + 613 = -5*q, 134 = -4*i + n*q - 625. Let z = 275 + i. Is z a prime number?
True
Let k = 5 - 3. Suppose -5*u - 3*i = -2546, 2050 = -k*u + 6*u - 2*i. Is u composite?
True
Let n(a) = -a**3 - 4*a**2 + 5*a + 3. Let w be n(-5). Suppose f + 880 = 3*b, -3*b = b + 3*f - 1195. Suppose b = -w*m + 8*m. Is m prime?
True
Let d = 2 - 14. Suppose 81 - 476 = -5*p. Let z = p + d. Is z composite?
False
Suppose 14 = -3*q - 13. Is (q + 6)*(-118)/2 composite?
True
Suppose -c - 160 = -833. Is c a prime number?
True
Is (-9)/6*2776/(-12) a composite number?
False
Let v be 2/(-4) - 1/2. Let m(d) = -5*d**3 - 8*d**2 - 2*d + 5. Let h(n) = -n**2 + 1. Let f(r) = -6*h(r) + m(r). Is f(v) a prime number?
False
Is 4/((-2)/(-1315)*5) a prime number?
False
Suppose -5*t + 5 = 0, 269 = 4*o + 3*t - 2*t. Is o a composite number?
False
Let y be ((-296)/32)/((-1)/12). Suppose y = 2*v + v. Is v a prime number?
True
Let w(t) = 37*t**3 - t**2 + 2*t - 3. Is w(2) a composite number?
False
Let z(x) be the third derivative of -21*x**5/20 + x**4/24 + 2*x**3/3 - 3*x**2. Let a(d) be the first derivative of z(d). Is a(-1) a composite number?
False
Let a = 12 + -9. Let s be (a + 82 + -2)*-1. Let h = 180 + s. Is h composite?
False
Let d(q) = q - 6. Let x be d(7). Let n be 1457/4 + x/(-4). Suppose -m - 3*m = -n. Is m prime?
False
Suppose -22*n = -23*n + 394. Is n a prime number?
False
Let v(a) = 110*a**2 - 1. Is v(-1) prime?
True
Suppose 4*c - 2 - 9 = -r, -2*r = -c - 22. Let x = 2 + r. Is x a composite number?
False
Let s(o) = o. Let c(g) = -5*g - 6. Let t(u) = -c(u) - 6*s(u). Let v be t(6). Suppose 4*l - 23 - 21 = v. Is l composite?
False
Let j be (-4)/8 + (-14)/(-4). Suppose j*s + 2*s = 45. Is s a composite number?
True
Let f(w) = w**2 + 5*w - 2. Suppose -7 + 3 = -z. Is f(z) composite?
True
Suppose -843 - 1172 = -5*o. Is o prime?
False
Let p = 3 + -6. Let r(d) = 16*d**2 - 3*d - 4. Is r(p) a prime number?
True
Suppose 2*i - 213 = -1149. Suppose 0*l + 4*s - 289 = l, 0 = 5*s - 15. Let r = l - i. Is r a composite number?
False
Let s be (-3 - -2)/(2/(-6)). Suppose f = s - 33. Is (-6)/f - 184/(-5) a composite number?
False
Suppose -3*t = -8*t - 10. Let s be (2 - -2)/2 - 0. Is t + (212/2)/s prime?
False
Let s = 4924 - 1025. Is s a prime number?
False
Let j = 5 - 3. Suppose m + j*d = d + 163, -2*d - 652 = -4*m. Is m a composite number?
False
Let r be 1 + 391 + -1 + 0. Suppose -q + 89 = 5*i, -i - r = -5*q + i. Is q composite?
False
Suppose 4*s - 33 = -21. Let m be (2 - 33)*-3 + 0. Suppose -g = s*g + 20, -3*k + 3*g = -m. Is k a composite number?
True
Suppose h - 2 = -0, 0 = 4*l + 2*h - 8. Let m(x) = -21*x - 9. Let d(w) = -1. Let f(u) = 9*d(u) - m(u). Is f(l) a composite number?
True
Let b be 5 - (-3 + 5 + -1). Suppose 0 = b*j - 0*j - 88. Is j composite?
True
Is 379 - (4 - 4)/(-3) composite?
False
Let v be 2/(-4)*4*-1. Suppose -v*t = -2 - 8. Suppose -116 - 239 = -t*o. Is o a prime number?
True
Let s be 76*(10/(-8) + 2). Let g = -32 + s. Is g prime?
False
Suppose 5*p - 3*p = 1024. Suppose -2*l - 2*l + 507 = -z, 0 = 4*l + 4*z - p. Is l a composite number?
False
Let x = 16 - 32. Let o = x - -143. Is o prime?
True
Suppose -769 = -3*d + 4*l, -2*l + 799 = -3*d + 6*d. Is d a composite number?
False
Suppose -2*n + 182 = 2*y, -53 + 532 = 5*n - y. Is n a prime number?
False
Let d(v) = 3*v**3 - 3*v**2 - 12*v + 1. Is d(8) a composite number?
False
Suppose -6*z + 49 = -5*z. Is z composite?
True
Is (28/(-42))/(2/(-879)) prime?
True
Suppose 21 = -2*p + 129. Suppose p = 3*z - 39. Is z a composite number?
False
Suppose 0 = -3*v + 7*v - 284. Suppose -v = -i - 4*u, 9*i + u = 4*i + 317. Suppose -3*l + 0*l + i = 0. Is l composite?
True
Let y = -314 + 491. Is y a prime number?
False
Let p = 299 + 330. Is p a composite number?
True
Let l(h) = h**2 - 3*h + 1. Let w = 14 - 9. Is l(w) prime?
True
Suppose -5*v - l + 11676 = 0, -2*v + 7006 = v + l. Is v prime?
False
Let z be 0*((-12)/(-9))/(-4). Suppose 0*v - 4*v + 532 = z. Is v a composite number?
True
Suppose 2*a - 33 - 441 = 0. Is a a composite number?
True
Let m(o) = 37*o + 22. Is m(9) prime?
False
Suppose 0*w + 20 = 5*w. Let q be ((-102)/w)/((-9)/12). Let y = 0 + q. Is y a composite number?
True
Let v(o) = -o**3 - 4*o**2 - 5*o - 1. Let q(c) = -5*c + 1 + 2 - 2. Let s be q(1). Is v(s) a prime number?
True
Let t be (-8)/(-5)*15/6. Suppose -5*p - 2*o = -10, -1 + 11 = t*p + 2*o. Suppose -u + 0*u + 6 = p. Is u a prime number?
False
Suppose -5*a + 23 = -52. Suppose -2*w - a = w. Let n(k) = -7*k + 4. Is n(w) composite?
True
Let d = -8 + 18. Is d/(-45) + (-3226)/(-18) a prime number?
True
Let d be (-6)/18 - 19/(-3). Suppose -17 = -a - d. Is a prime?
True
Let b = 0 + -2. Let k = -6 - b. Let v(o) = o**2 + o + 2. Is v(k) a composite number?
True
Let q be ((-1)/3)/((-6)/108). Suppose -5*n = -5*k + 15, 4*n - 12 = -2*k + 8*n. Suppose k = -2*m + q. Is m composite?
False
Let w(y) = -y**3 - 5*y**2 - 2*y + 2. Let p be w(-3). Let z(l) be the second derivative of -4*l**3/3 - 3*l**2/2 - 9*l. Is z(p) a composite number?
True
Suppose -4*t + 1915 - 15 = 0. Let i = t - 284. Is i prime?
True
Let k(t) = 2*t**3 - 4*t**2 + 2*t. Let a be k(2). Let v be 2/(-4) + 2/a. Let n = v + 2. Is n a prime number?
True
Let g(i) be the second derivative of 58*i**3/3 - i**2/2 + 4*i. Is g(1) prime?
False
Let p = 274 + -177. Is p a composite number?
False
Let g = -20 - -23. Let c = g + 28. Is c composite?
False
Let j(n) = 24*n**3 + n**2 + n - 1. Let r = -4 - -4. Suppose 3 = 3*p + 3*o, -5*p + r*p + 5 = o. Is j(p) a composite number?
True
Suppose 0 = 5*t - 234 + 69. Suppose q - t = 14. Is q prime?
True
Suppose -218 = 3*m - 1007. Is m a composite number?
False
Let o(v) = -v**3 + 13*v**2 + 19*v + 1. Suppose f - 4*d + 6 = d, 0 = -5*f - 4*d + 86. Is o(f) composite?
False
Suppose -71 = -3*f + 16. Suppose 4*n - f = 203. Is n a prime number?
False
Suppose -4*v = v - 75. Is v composite?
True
Suppose i - 3*i = 0. Suppose -5*d + 3 = 5*v - 2*v, -3*v + d - 15 = i. Let c = v + 23. Is c a composite number?
False
Suppose 4*a - 886 = 3502. Is a a composite number?
False
Suppose -2*y + 2*s = -7*y + 7263, -5*s = 3*y - 4373. Is y composite?
False
Suppose 0*z + 2*z = -q + 1055, -q + 4*z = -1037. Suppose -5*a - 2*s = -q, -2*a + 419 = 3*s - 2*s. Is a composite?
False
Let k = 1 - 0. Suppose